+ 88. Let z = 215 + d. Is z a prime number?
True
Let k be 3 + 24 + 0/2. Suppose -k + 4 = -j. Is j prime?
True
Suppose -5*r = -975 - 1060. Is r a prime number?
False
Suppose -7 = -4*u + 5. Suppose u*y + 0*y - 6 = 0. Suppose -5*h + 30 = -y*h. Is h a prime number?
False
Let q be (-1 - 2/1)/1. Let b be (-2 - q)/((-1)/(-6)). Suppose 3*v - b = 2*v. Is v a composite number?
True
Suppose 7*r - 8*r - 6 = 0. Let f(a) = a**2 - a + 4. Is f(r) a composite number?
True
Let s = 438 + -214. Suppose 3*z + s - 1211 = 0. Is z composite?
True
Let l(p) = p**3 - 8*p**2 + 19*p + 9. Is l(11) composite?
True
Suppose -7*p = -d - 2*p + 415, 4*d - 1660 = -p. Is d a composite number?
True
Let w(g) = -10*g - 4. Let z be w(8). Let m be (1/2)/(2/z). Let l = m + 74. Is l a composite number?
False
Let i(o) be the second derivative of 19*o**3/6 + o**2/2 - 10*o. Is i(6) a composite number?
True
Let p = -7 + 21. Suppose -296 - p = -5*o. Suppose r - o = -r. Is r a prime number?
True
Let x(g) = -3*g**3 - 5*g**2 + 3*g + 2. Is x(-9) composite?
True
Suppose 0 = 2*q + 3*q + 30. Let g be ((-316)/q)/((-2)/9). Let i = -52 - g. Is i a composite number?
True
Let t(y) = -y + 2. Let c be t(2). Suppose 4*b - 389 - 55 = c. Is b a composite number?
True
Let v = -665 - -1116. Is v a composite number?
True
Suppose 4*j + 23 = -4*t + 3, -3*t = -2*j + 35. Is 3/t + (-2420)/(-15) composite?
True
Let z(x) = 2*x**2 - 7*x + 7. Let u be 4/(-14) - 4/(-14). Let v(k) = -k**2 - k + 6. Let q be v(u). Is z(q) a composite number?
False
Suppose 4*t = -t + 35. Let j = -4 - -10. Is 3*t*2/j prime?
True
Let b = -294 - -421. Is b a prime number?
True
Suppose -11 - 9 = 4*y. Let r(n) = 25*n + 10. Let l(i) = 12*i + 5. Let p(h) = -9*l(h) + 4*r(h). Is p(y) composite?
True
Suppose 0 = 5*s + k - 1325, 5*k = -s - 4*s + 1325. Is s a composite number?
True
Is (-8)/(-16)*(-1 + -1)*-1271 a prime number?
False
Suppose -w + 234 + 59 = 0. Is w prime?
True
Let n(f) = -4*f**3 + f**2 - f. Let j be n(-2). Suppose 4*l = 3*l - j. Is (-9)/3 - (l - -1) prime?
False
Suppose 5*m = 2*q - 15, -3*m - q = -6*m - 8. Let z = m - -2. Is 267/3 - 0/z prime?
True
Suppose f - 40 = -4*f. Suppose b = -b + 4*n + 4, 0 = b + 3*n + f. Is (-218)/(-10) + b/(-10) composite?
True
Let v = -5 + 6. Is 2 + 3*7/v a composite number?
False
Let v(x) = -x + 57. Let f be v(0). Let d(n) = -5*n**2 + n - 2. Let z be d(-2). Let a = f + z. Is a composite?
True
Is 1690/8 - 15/60 a composite number?
False
Let j(u) = 5*u**2 - 8*u - 5. Is j(6) composite?
False
Suppose -3*t + 5*t - 613 = -5*f, t = 4*f - 493. Is f composite?
True
Suppose t - 3 = 7. Is (-2)/5 + 1914/t a prime number?
True
Let l = -1 - -2. Let d = l + -1. Suppose 7*y - 3*y - 28 = d. Is y a composite number?
False
Let j = -10 - -14. Let b be 2/j + 84/(-8). Let d = -3 - b. Is d prime?
True
Let w be 984/9 + 2/(-6). Suppose -3*n - 2*n + 2*g = -w, -n - g + 19 = 0. Is n a composite number?
True
Let u(a) = a + 6. Let x be u(5). Let i(z) = -z**3 + 11*z**2 + 9*z + 14. Is i(x) composite?
False
Let d(g) = -8*g - 9. Let l(y) = y. Let v(t) = -d(t) + 6*l(t). Is v(13) prime?
True
Let n(y) = -109*y + 8. Let g(d) = -73*d + 5. Let z(r) = 7*g(r) - 5*n(r). Is z(3) a composite number?
False
Let f be 2/(-6) + 20/6. Suppose f*s + s = 1364. Let b = s - 222. Is b a composite number?
True
Let u = 531 + 640. Is u a prime number?
True
Let j = -7 - -11. Suppose 0 = -j*g + 1 + 11. Suppose 0*l = g*l - 141. Is l a composite number?
False
Let p(y) = 5*y**2 + 8*y + 4. Let r(k) = 4*k**2 + 7*k + 4. Let i(t) = -2*p(t) + 3*r(t). Let s be (-9)/18 - 11/(-2). Is i(s) a composite number?
False
Suppose -2*h - 2*w + 4 - 18 = 0, 2*w = -4. Let f(a) be the first derivative of a**3 + 2*a**2 - 2*a - 1. Is f(h) a prime number?
True
Is (-3)/(2*15/(-5870)) prime?
True
Let o(w) = -10*w + 13. Is o(-13) prime?
False
Let w(l) = -l + 19. Is w(13) prime?
False
Let p(n) = 2*n**2 - 7. Let g(y) = -y - 1. Let u(b) = -5*g(b) + p(b). Is u(-5) a composite number?
False
Suppose 0 = 3*j + 12, 2*t + 4*j + 0 = -8. Suppose -3*x - 5*n = -1225, -t*x + 297 = 5*n - 1343. Suppose v - 15 = 5*u - x, -5*u - v + 390 = 0. Is u prime?
True
Let z = -46 + 210. Let j = 472 - z. Suppose -j = -3*v - v. Is v prime?
False
Is 670/(-15)*63/(-6) a composite number?
True
Let f(o) = 63*o**2 + o - 9. Is f(-5) a prime number?
False
Let o be ((-20)/4)/((-5)/2). Suppose -o*v + 64 = -166. Is v a prime number?
False
Let p(i) = -i**2 - i - 3. Let k be p(0). Let a = k + 5. Is (a/6)/((-3)/(-207)) a composite number?
False
Suppose -4*l + 2*l = -60. Let j be 28/48*6*68/2. Let s = j - l. Is s prime?
True
Let j = 882 - 574. Suppose -j = -0*n - 4*n. Is n composite?
True
Let k(y) = y + 4. Let x be k(-6). Let h(q) = q**3 + 12. Let f be h(0). Is -3*x*74/f prime?
True
Suppose 5*h = h + 172. Suppose -59 = -o + h. Suppose -3*i = -i - 4*c - o, 0 = c. Is i a prime number?
False
Let x(j) = 2*j**2 - 6*j - 3. Let g be 2/(-13) + (-115)/13. Is x(g) a prime number?
False
Let u be 3*-1 - 70/(-5). Suppose u = -0*c + c. Is c prime?
True
Let q(d) = 2*d**3 - 13*d**2 - d - 1. Is q(10) prime?
False
Let k(i) = 35*i**2 + 2*i + 12. Is k(-5) a prime number?
True
Suppose 2*n - 29 = 225. Is n composite?
False
Let p = 411 + 172. Is p prime?
False
Let g = -11 + 18. Let j(b) = -b**2 + 3*b + 4. Let y be j(4). Is (17*g)/(y + 1) prime?
False
Let j(u) = -4*u**2 - 27*u - 7. Let i(v) = -2*v**2 - 13*v - 4. Let m(x) = -5*i(x) + 2*j(x). Let k = -31 - -20. Is m(k) a composite number?
False
Let h(q) = 29*q**2 - q + 2. Let y be h(-2). Let p = y + -41. Is p composite?
False
Suppose -2*t = -3*t + 77. Is t composite?
True
Let y be (1/(-2))/(10/(-60)). Suppose -2*b - 4*m + 45 = -b, 2*m - 155 = -y*b. Is b a composite number?
False
Let b(t) be the second derivative of t**5/20 + 2*t**4/3 - 2*t**3/3 - 5*t**2 + 3*t. Is b(-8) composite?
True
Let u = -7 - -6. Is 96 - 1*(0 - u) a prime number?
False
Suppose -5*m + 0*m + 705 = 0. Is m composite?
True
Let o(u) = -25*u + 2. Suppose -3*x + 7*x + 20 = 0. Is o(x) a composite number?
False
Suppose 0*j = -4*j + 16. Let s be 2*-1*(-6)/j. Suppose s*i - 297 = -66. Is i a composite number?
True
Let r(t) be the third derivative of t**4/12 - t**3/6 + 4*t**2. Let w = -9 - -13. Is r(w) composite?
False
Suppose 0 = -5*v - 5*y + 6060, 2*v - 6069 = -3*v + 4*y. Is v a composite number?
False
Let a = -18 - -6. Is (a/(-8))/((-3)/(-466)) a prime number?
True
Let l(n) = -n**2 + 2*n + 5 + 4*n**2 - 7*n**2. Let z be l(-4). Let f = z - -156. Is f prime?
True
Suppose 0 = 2*p + 3 - 7. Suppose -3*f = -0*n + 2*n - 58, 3*f + 11 = n. Let y = n - p. Is y a prime number?
False
Let c = -5 + 37. Suppose -4*i = -20, 3*a + 2*i = -2*i + c. Let t(b) = 2*b**2 - 1. Is t(a) a prime number?
True
Let d(k) = 8*k**2 + 3. Is d(2) composite?
True
Let z(r) = -r - 5. Let h be z(-7). Is (742/(-21))/(h/(-3)) composite?
False
Let i(d) = d**2 + 6*d - 3. Let m be i(-7). Is (-533)/(-2) + m/8 composite?
True
Let z = -112 + 399. Let q = z + -84. Is q composite?
True
Let h be 2 + -11 + 0/(-3). Let b = h - -5. Is 92/6*(-6)/b composite?
False
Let i(r) be the second derivative of -r**5/20 - r**4/6 + r**3/2 + r**2/2 - r. Is i(-6) a composite number?
False
Let g(q) = -6*q + 2. Let m be g(8). Let d = 83 + m. Is d prime?
True
Is 2526/4 - (-7)/(-14) prime?
True
Suppose 0 = -4*y - 5*s + 5 + 1, 0 = -3*y - 4*s + 4. Is 11/(((-8)/(-22))/y) a prime number?
False
Let o(p) = -p + 11. Let f be o(6). Suppose 636 + 829 = f*y. Is y composite?
False
Let d = 249 - 74. Suppose 2*o - 12 = -4*s, -5*o + 4*s - 4 = -3*o. Suppose -o*b = 5*l - d, 0*l = -2*l - 4*b + 86. Is l composite?
True
Let x(r) be the first derivative of r**4/2 + 3*r + 2. Is x(3) prime?
False
Let u be 3/4 - 21/(-4). Let c be 9/u*8/3. Let b(d) = d**2 + 5*d - 1. Is b(c) a prime number?
False
Let t(d) = -1136*d + 3. Is t(-1) prime?
False
Let q(c) = c**3 - 6*c**2 + 5*c - 2. Let t be q(5). Is (-194)/4*1*t a prime number?
True
Is (-1 - 0)/((-7)/469) composite?
False
Suppose -4*v - 71 = y, 3*y - 5*v + 153 = -2*v. Let g = y + 108. Is g a prime number?
True
Suppose -3*z = -3*f + 12, 0 = 3*z + z - 2*f + 14. Let y(a) be the second derivative of a**4/4 + 2*a**3/3 - a**2/2 - a. Is y(z) a prime number?
False
Let t = 1151 - 34. Is t prime?
True
Let w(o) = -10*o - 1. Let q(k) = 31*k + 3. Let u(h) = -4*q(h) - 11*w(h). Is u(-7) a composite number?
False
Let h